ist the prime factors of 141000.
2, 3, 5, 47
List the prime factors of 38368597.
1871, 20507
List the prime factors of 201826.
2, 100913
List the prime factors of 332937.
3, 11, 19, 59
What are the prime factors of 200591?
200591
List the prime factors of 805455.
3, 5, 7, 2557
What are the prime factors of 4104370?
2, 5, 29, 14153
List the prime factors of 5407935.
3, 5, 13, 27733
List the prime factors of 10109311.
19, 532069
List the prime factors of 60761.
60761
What are the prime factors of 447178?
2, 223589
List the prime factors of 673389.
3, 74821
What are the prime factors of 225302?
2, 7, 11, 19
What are the prime factors of 5984561?
11, 17, 32003
List the prime factors of 8341187.
8341187
List the prime factors of 47986.
2, 23993
What are the prime factors of 2755233?
3, 13, 23549
What are the prime factors of 169716?
2, 3, 14143
What are the prime factors of 411005?
5, 7, 11743
List the prime factors of 6174661.
241, 25621
List the prime factors of 1172469.
3, 283, 1381
What are the prime factors of 59326?
2, 29663
What are the prime factors of 24694269?
3, 8231423
List the prime factors of 187177.
187177
What are the prime factors of 764413?
13, 127, 463
What are the prime factors of 7307146?
2, 7, 11, 23, 2063
What are the prime factors of 298080?
2, 3, 5, 23
List the prime factors of 1167268.
2, 291817
What are the prime factors of 1004536?
2, 13, 743
What are the prime factors of 176372?
2, 7, 6299
List the prime factors of 842642.
2, 31, 13591
List the prime factors of 285768.
2, 3, 7
What are the prime factors of 1503478?
2, 751739
List the prime factors of 1327026.
2, 3, 221171
What are the prime factors of 414324?
2, 3, 17, 677
List the prime factors of 24900.
2, 3, 5, 83
What are the prime factors of 2324295?
3, 5, 1913
What are the prime factors of 2635289?
17, 155017
List the prime factors of 7390415.
5, 1478083
What are the prime factors of 109439?
11, 9949
What are the prime factors of 2434432?
2, 7, 11, 13, 19
List the prime factors of 275246.
2, 137623
List the prime factors of 394637.
394637
What are the prime factors of 992319?
3, 53, 79
What are the prime factors of 1545506?
2, 43, 17971
List the prime factors of 16917397.
7, 17, 23, 883
List the prime factors of 667456.
2, 10429
What are the prime factors of 1423799?
13, 31, 3533
What are the prime factors of 4906053?
3, 545117
List the prime factors of 26353.
19, 73
List the prime factors of 6470918.
2, 3235459
What are the prime factors of 2338615?
5, 19, 103, 239
List the prime factors of 12715023.
3, 61, 69481
List the prime factors of 1630825.
5, 7, 9319
List the prime factors of 1478634.
2, 3, 246439
List the prime factors of 208561.
73, 2857
List the prime factors of 10373369.
41, 503
What are the prime factors of 150648?
2, 3, 6277
List the prime factors of 4713430.
2, 5, 37, 12739
List the prime factors of 18398872.
2, 31, 74189
List the prime factors of 213541.
19, 11239
List the prime factors of 174190.
2, 5, 17419
What are the prime factors of 3478211?
11, 316201
What are the prime factors of 480948?
2, 3, 13, 3083
List the prime factors of 2988637.
2988637
List the prime factors of 4986666.
2, 3, 29, 41, 233
What are the prime factors of 1342223?
1342223
List the prime factors of 30416834.
2, 7, 19, 41, 2789
What are the prime factors of 16321768?
2, 17, 43, 2791
What are the prime factors of 2424608?
2, 17, 4457
List the prime factors of 7519185.
3, 5, 17, 9829
What are the prime factors of 120931?
31, 47, 83
What are the prime factors of 123533?
23, 41, 131
What are the prime factors of 14374225?
5, 574969
List the prime factors of 3462203.
17, 203659
List the prime factors of 260901.
3, 3221
What are the prime factors of 1311188?
2, 327797
List the prime factors of 3010428.
2, 3, 17, 4919
List the prime factors of 6705333.
3, 745037
List the prime factors of 61553.
61553
List the prime factors of 166839.
3, 19, 2927
What are the prime factors of 8274122?
2, 101, 40961
List the prime factors of 44107173.
3, 11, 29, 569
List the prime factors of 322796.
2, 17, 47, 101
List the prime factors of 411372.
2, 3, 13, 293
List the prime factors of 2840308.
2, 499, 1423
What are the prime factors of 3687774?
2, 3, 23, 26723
List the prime factors of 483678.
2, 3, 13, 53
What are the prime factors of 3397382?
2, 17, 99923
What are the prime factors of 90181?
7, 13, 991
List the prime factors of 24209199.
3, 7, 42697
What are the prime factors of 4694721?
3, 1564907
What are the prime factors of 2980317?
3, 23, 47, 919
What are the prime factors of 333445?
5, 7, 1361
What are the prime factors of 3117335?
5, 13, 199, 241
List the prime factors of 223409.
41, 5449
List the prime factors of 1706.
2, 853
What are the prime factors of 4463729?
4463729
List the prime factors of 3948596.
2, 487, 2027
What are the prime factors of 2052?
2, 3, 19
What are the prime factors of 1100601?
3, 40763
List the prime factors of 384186.
2, 3, 11, 5821
List the prime factors of 3766115.
5, 163, 4621
List the prime factors of 9717019.
13, 747463
What are the prime factors of 763649?
763649
List the prime factors of 3731507.
13, 239, 1201
What are the prime factors of 185169?
3, 61723
List the prime factors of 4850823.
3, 47, 34403
List the prime factors of 1300420.
2, 5, 11, 23, 257
What are the prime factors of 3005239?
79, 109, 349
What are the prime factors of 1868145?
3, 5, 124543
What are the prime factors of 628626?
2, 3, 17, 6163
List the prime factors of 110247.
3, 36749
List the prime factors of 388157.
7, 11, 71
List the prime factors of 2172936.
2, 3, 37, 2447
What are the prime factors of 1046856?
2, 3, 53, 823
What are the prime factors of 2861107?
2861107
What are the prime factors of 32286596?
2, 461, 17509
What are the prime factors of 1174568?
2, 41, 3581
List the prime factors of 215857.
215857
What are the prime factors of 315440?
2, 5, 3943
What are the prime factors of 7690309?
11, 699119
What are the prime factors of 10392786?
2, 3, 64153
List the prime factors of 19800207.
3, 7, 47, 743
What are the prime factors of 6992229?
3, 691, 3373
What are the prime factors of 737429?
7, 11, 61, 157
List the prime factors of 5004970.
2, 5, 17, 59, 499
List the prime factors of 1384241.
1384241
What are the prime factors of 1001665?
5, 7, 28619
What are the prime factors of 1062385?
5, 19, 53, 211
List the prime factors of 5283371.
617, 8563
What are the prime factors of 1657604?
2, 13, 127, 251
List the prime factors of 479893.
17, 28229
List the prime factors of 4728434.
2, 293, 8069
List the prime factors of 15102651.
3, 23, 47, 4657
List the prime factors of 2278240.
2, 5, 29, 491
What are the prime factors of 101490?
2, 3, 5, 17, 199
List the prime factors of 1103964.
2, 3, 91997
List the prime factors of 252568.
2, 131, 241
What are the prime factors of 1236630?
2, 3, 5, 41221
What are the prime factors of 17716574?
2, 8858287
What are the prime factors of 1442478?
2, 3, 43, 5591
What are the prime factors of 4261611?
3, 17, 83561
What are the prime factors of 19510099?
7, 2787157
List the prime factors of 6918487.
31, 67, 3331
What are the prime factors of 15629456?
2, 31, 31511
List the prime factors of 1374264.
2, 3, 19087
List the prime factors of 7930959.
3, 17, 155509
What are the prime factors of 146320?
2, 5, 31, 59
What are the prime factors of 376996?
2, 307
List the prime factors of 1003796.
2, 250949
List the prime factors of 253955.
5, 13, 3907
List the prime factors of 552442.
2, 11, 25111
List the prime factors of 15927.
3, 5309
List the prime factors of 466953.
3, 31, 5021
List the prime factors of 401281.
23, 73, 239
What are the prime factors of 520386?
2, 3, 43, 2017
List the prime factors of 1062064.
2, 41, 1619
What are the prime factors of 1477627?
509, 2903
What are the prime factors of 41041?
7, 11, 13, 41
What are the prime factors of 9229105?
5, 29, 63649
What are the prime factors of 523618?
2, 23, 11383
List the prime factors of 10013555.
5, 29, 53, 1303
List the prime factors of 2302049.
29, 163, 487
What are the prime factors of 134208?
2, 3, 233
What are the prime factors of 21148417?
31, 682207
List the prime factors of 321646.
2, 13, 89, 139
What are the prime factors of 498542?
2, 11, 17, 31, 43
What are the prime factors o